k) be the first derivative of 14 + 0*k**2 - 1/3*k**3 + 8*k. Suppose 0 = -7*i + 4*i. Calculate g(i).
8
Let y(v) = 2*v - 13. Let s be y(8). Let x(r) = -24*r**3 + 8*r**s + 7*r**2 - 6*r + 0*r + 15*r**3. Let a(t) = -3*t - 13. Let c be a(-6). What is x(c)?
20
Let i(z) = z**3 + 8*z**2 - 2*z - 3. Let n be 4/(7 + -12 + 6). Suppose n*f = 3*h - 29, -f + 4*h = 1 + 3. What is i(f)?
13
Let l(w) = 6*w**3 - w**2 + w + 2. Let x(h) = -13*h**3 + 14*h**2 + 5*h - 43. Let r(g) = 2*l(g) + x(g). Calculate r(12).
45
Let u(q) = -387 - 123 + 506 - 8*q. Suppose -8 = 3*z + 10. Calculate u(z).
44
Let n(v) be the first derivative of 0*v - 1/6*v**4 + 14 + 4*v**3 + 1/24*v**5 + 1/360*v**6 + 0*v**2. Let j(i) be the third derivative of n(i). Calculate j(-7).
10
Let k(y) = -y**2 + 5*y + 17. Let m = -147 + 152. Let h be ((-882)/35)/9*m/(-2). Calculate k(h).
3
Let d(p) = -p**2 - 14*p - 4. Let z(o) = -o**3 - 27*o**2 - 28*o - 62. Let r be z(-26). Determine d(r).
36
Suppose -101 - 31 = 22*p. Let a(y) = -8*y**3 - 5*y**2 + 3*y - 11. Let o(b) = -7*b**3 - 4*b**2 + 2*b - 9. Let k(z) = p*a(z) + 7*o(z). Give k(2).
-5
Suppose 3*w = -15, -5*f + 5*w + 16 = -14. Suppose -f = 4*k - 9. Let b(i) be the third derivative of i**4/4 - i**3/6 + 83*i**2 + 2. Give b(k).
11
Let k(t) = -2*t**3 + 3*t**2 - 2*t + 2. Let g = -447 + 443. Let q be (-900)/(-153) - 2/(-17). Let f be q*(g - 0)/(-12). Determine k(f).
-6
Let t(q) = -19*q**2 - 12 + 76*q + q**3 - 73*q + 69*q**2 - 24*q**2 - 17*q**2. Give t(-9).
-39
Let t(y) be the second derivative of y**5/20 - y**4/12 - 14*y**3/3 + 15*y**2/2 + 35*y - 3. What is t(-5)?
5
Let h be 2 - -12*(-3)/6. Let p = 329 + -305. Let n(u) = p - 3*u - 55 + 25. Determine n(h).
6
Let o(n) = -2*n**2 + 28*n + 74. Suppose -37*h - 2792 = -3384. Calculate o(h).
10
Let t(k) be the first derivative of 1/4*k**4 + 0*k - 1/60*k**5 + 41 + 2/3*k**3 - 27/2*k**2. Let i(d) be the second derivative of t(d). Give i(5).
9
Suppose -5*a = -2*g - 27, -a - g - 2*g + 2 = 0. Let w(u) be the second derivative of u**3/6 - u**2 + 666*u - 4. Determine w(a).
3
Let v(w) = w**3 - 1548*w + 7*w**2 - 1549*w - 34 + 3097*w. What is v(-6)?
2
Let i = 1078 - 528. Let a = i - 556. Let b(p) = -p**2 - p + 1. What is b(a)?
-29
Let d(v) = -v**3 + 11*v**2 - 9*v - 10. Let t(u) = 11*u - 1 + 4*u**2 + u - 11 - 13. Let a be t(3). Suppose -3*f - 17 = -a. Give d(f).
0
Let k(c) = -14*c + 35. Let n be ((-1159)/(-61) - 22)*5*(-1)/(-3). Calculate k(n).
105
Let g(j) = j**3 + 6*j**2 + 9*j - 2. Let l be g(-6). Let a = 67 + l. Let b(q) = -q**3 + 10*q**2 + 11*q + 2. What is b(a)?
2
Let m(f) = f**2 - 9*f + 18. Let a be (6 - 44/6) + 198/27. Calculate m(a).
0
Let y(m) = 4*m**3 - 27*m**2 - 22*m + 25. Let r(t) = t**3 - 3*t**2 - t + 1. Let h(x) = 3*r(x) - y(x). What is h(19)?
-22
Let v(x) = -17*x**2 + 1. Let c(k) = -2*k + 5. Let b be (-10)/(-20)*(-1 + 21). Let q = b - 7. Let h be c(q). What is v(h)?
-16
Let b(r) be the first derivative of -r**4/4 - 7*r**3/3 - 5*r**2/2 + 4*r - 3. Suppose 5*v + 2*y = 150, 3*v - 6*y - 90 = -y. Let x = 24 - v. Calculate b(x).
-2
Let f(j) = j**2 + j. Let b be -2 + 4 - (2 - 1). Let z(c) = -2*c**2 - c**2 - 7 - 64*c + 66*c. Let h(q) = b*z(q) + 4*f(q). Determine h(-5).
-12
Let a be 1/(56/(-336) - (-5)/(-6)). Let s(z) = 14*z**3 - 2*z**2 - 4*z - 3. Give s(a).
-15
Let g(j) = -j**3 + 9*j**2 + 9*j + 10. Let w = 280 - 238. Suppose -w = -4*x - 2*t, 4*x = -16*t + 11*t + 45. Determine g(x).
0
Let k be -6 + -2*(-3 - 1). Let q(u) = -2*u**3 - 3 - 39*u + 3*u**3 + 37*u + k - u**2. Give q(-2).
-9
Let s = -13 - -26. Suppose -n = -l + 1, -4*l + s = 6*n - n. Let y(h) = -2 - h**l - 2*h**3 + h**2 + h - 2*h**2. Give y(-2).
4
Let v(o) be the second derivative of -o**5/20 - 4*o**4/3 - 5*o**3 - 35*o**2/2 - 6570*o. Give v(-14).
-7
Let h(n) = 25*n + 9. Let y(w) = w**2 + 119*w + 344. Let t be y(-3). What is h(t)?
-91
Let r(m) = -4412 + 9*m**2 + 17*m + 8872 - 4433 - m**3. What is r(11)?
-28
Suppose -32*t + 253 = -31*t. Let u(d) = 237*d + 3*d**2 + 4*d**2 - 4*d**2 - 7 - t*d. Determine u(6).
5
Let h(g) = -2*g**2 - 11*g + 3. Let z be h(-6). Let i(b) = 7*b**2 + 2*b + 5. Let f(p) = -8*p**2 - 4*p - 5. Let l(c) = z*f(c) - 4*i(c). What is l(2)?
-13
Let s(m) = -m**2 - 7*m + 10. Let q be s(-8). Let n(b) = b + 344*b**2 - 11 - 343*b**q + 0*b. Let a be 0/(2*((-10)/4 + 2)). Determine n(a).
-11
Let a(p) = -53*p**2 - p + 56*p**2 + 3 - 1 - 27*p**2. Determine a(1).
-23
Suppose 46 = 17*h - 260. Let o be h/12 + -1 + (-7)/2. Let y(s) = s**3 + 2*s**2 - 3. Determine y(o).
-12
Let a(m) = 34*m - 1627. Let q be a(48). Let j(f) = f - 4. Calculate j(q).
1
Let h(y) be the third derivative of -34*y + 3/2*y**3 + 3/8*y**4 - 2*y**2 + 0. Give h(-6).
-45
Let k(l) be the second derivative of 3*l**3/2 - 6*l**2 - 22*l + 105. Determine k(-1).
-21
Let t = -1 + -16. Let u = 22 + t. Let j(r) = -3*r - 46*r**2 + 9*r**2 - 3 + 11*r**2 + 13*r**2 + 14*r**2. Give j(u).
7
Let o(l) = 13*l + 3. Let i(j) = 2*j + 2. Let h(k) = 8*i(k) - o(k). Suppose -3*y - 18 - 3 = 0. Calculate h(y).
-8
Let m(s) be the first derivative of -s**3/3 - 22*s - 398. Calculate m(6).
-58
Suppose -3*h + 9 + 9 = 0. Let z(j) = -28*j + 60*j - 9 - 31*j. Calculate z(h).
-3
Let h(c) = -c**3 - 14*c**2 - 11*c + 5. Suppose 0 = -35*b + 40*b - 4*f + 73, 0 = 5*f - 10. Determine h(b).
-21
Let d be (33/(-528))/(2/(-8)) + 539/(-44). Let r(m) = m**2 + m. Let a(b) = -3*b**2 - 14*b - 4. Let k(l) = a(l) + 2*r(l). Give k(d).
-4
Let x(i) = -2*i + 2. Let j be x(0). Suppose 0 = l - j*l + 5*d - 6, 3*l + 4*d + 18 = 0. Let g(b) = -94 - b**3 + 179 - 91 + 2*b**3 + 5*b**2 - 4*b. Determine g(l).
-18
Let r(w) = -6*w - 17. Let n be r(15). Let x = n - -131. Let k(i) = 28 + x - 45 - i. Calculate k(8).
-1
Let o(j) = j + 14. Let d be ((-23)/((-322)/(-14)))/((-3)/(-15)). Give o(d).
9
Let l(w) = -16*w + 12. Let x(m) = -6 - 11*m + 41*m - 12*m - 11*m. Let o(h) = -4*l(h) - 9*x(h). Calculate o(-3).
3
Let b(a) be the first derivative of -4*a**3/3 + 28*a - 131. Let x(y) be the first derivative of b(y). Calculate x(1).
-8
Let q = 206 + -200. Let k(i) be the first derivative of q*i - 9 - i**2 + 1/4*i**4 - 2*i**3. What is k(6)?
-6
Let c(d) be the second derivative of 3/2*d**2 - d + 10 - 1/6*d**3. What is c(-6)?
9
Let a(q) = 2*q**2 - 3*q - 6. Let f(y) be the second derivative of -y**4/12 + y**3/3 + 3*y**2/2 + 7*y + 4. Let j(m) = -2*a(m) - 5*f(m). What is j(-3)?
18
Let x(q) = -8*q**2 - q. Let o be x(1). Let u(b) = 14*b**3 + 5*b**2 - 28*b - 68. Let d(r) = 5*r**3 + r**2 - 10*r - 24. Let t(n) = -11*d(n) + 4*u(n). Give t(o).
10
Suppose -17*g + 26 = -16*g. Let w = g - 21. Suppose -b = w*z + 13, 0*b + 4*b = -3*z - 1. Let r(j) = -3*j**2 + 3*j. Determine r(b).
-6
Let s = 334 - 346. Let h(q) = 2*q**2 + 26*q + 18. Give h(s).
-6
Let g(q) = 2*q**3 - 11*q**2 + 81. Let v(n) = 8*n**2 - 5*n**2 - n**2 - 40 + 3*n**2 - n**3. Let a(z) = -6*g(z) - 13*v(z). Give a(0).
34
Let s(i) = i**2 - i - 1. Suppose 0 = -6*p + 8*p + 14. Let r be (-3 + 0)*(6 + p). Suppose 7*x + r = 8*x. Give s(x).
5
Let w be (-3)/12 - (-25)/20 - 8. Let o(q) = 5*q - 20. Let d(j) = -3*j + 14. Let f(h) = w*d(h) - 5*o(h). Give f(-3).
14
Suppose 0 = -50*k + 2236 - 436. Suppose 24*n - 12*n = -k. Let u(r) = 2*r + 2. Give u(n).
-4
Let h(k) = -k**3 - 30*k**2 + 37*k + 183. Let p be h(-31). Let y(c) = 5*c - 15. Calculate y(p).
-30
Let y(f) be the third derivative of -f**6/120 + f**5/5 - 7*f**4/12 + 19*f**3/6 + 119*f**2 - 2*f. Give y(11).
-14
Let w = 11 + -6. Let n(c) be the first derivative of 3*c - 178 - 7/2*c**2 + 1/3*c**3. Determine n(w).
-7
Let m be 6/9 + (-12376)/663. Let h(d) = -d**3 - 17*d**2 + 19*d + 44. What is h(m)?
26
Let l(a) = a**3 - 10*a**2 + 3*a + 2. Let b be l(10). Let k = b - 43. Let j(i) = -4*i - 38. Let r be j(k). Let v(u) = -u**3 + 5*u**2 + 5*u + 5. Determine v(r).
-1
Let j(y) = y**2 + 27 + 514*y + 13 + 30 - 493*y. What is j(-13)?
-34
Let n = 207 + -202. Let b be 65/260*n*4. Let k(d) = d**3 - 7*d**2 + 13*d - 4. Calculate k(b).
11
Let n(y) = -3*y**3 + 43*y**2 + 39*y + 28. Let r(l) = l**3 + 2*l + 4. Let z(p) = -n(p) - 2*r(p). Determine z(44).
8
Let g(n) be the third derivative of -n**6/120 - n**5/5 + 9*n**4/8 + 88*n**3/3 + 3946*n**2. Calculate g(-13).
-6
Let s(w) = -4*w**2 - 310*w + 1296. Let o be s(4). Let l(q) = -q**3 - 10*q**2 - 22*q - 22. Determine l(o).
26
Let x(q) = -4*q**3 + q**2 + 3*q + 1. Suppose -24*o + 1085 = 1109